345 is divided by 55?
15
Calculate the remainder when 36 is divided by 19.
17
What is the remainder when 256 is divided by 256?
0
What is the remainder when 725 is divided by 52?
49
Calculate the remainder when 550 is divided by 181.
7
What is the remainder when 108 is divided by 55?
53
Calculate the remainder when 1482 is divided by 137.
112
What is the remainder when 279 is divided by 20?
19
Calculate the remainder when 847 is divided by 57.
49
Calculate the remainder when 827 is divided by 273.
8
What is the remainder when 298 is divided by 107?
84
What is the remainder when 50 is divided by 19?
12
What is the remainder when 515 is divided by 91?
60
What is the remainder when 6843 is divided by 37?
35
Calculate the remainder when 110 is divided by 34.
8
Calculate the remainder when 2898 is divided by 20.
18
What is the remainder when 355 is divided by 266?
89
What is the remainder when 6762 is divided by 38?
36
What is the remainder when 2392 is divided by 72?
16
What is the remainder when 263 is divided by 55?
43
Calculate the remainder when 7368 is divided by 460.
8
What is the remainder when 667 is divided by 149?
71
Calculate the remainder when 3164 is divided by 26.
18
Calculate the remainder when 83 is divided by 66.
17
What is the remainder when 127 is divided by 113?
14
Calculate the remainder when 144 is divided by 62.
20
What is the remainder when 469 is divided by 149?
22
Calculate the remainder when 234 is divided by 4.
2
Calculate the remainder when 1502 is divided by 28.
18
What is the remainder when 2941 is divided by 24?
13
What is the remainder when 1530 is divided by 133?
67
Calculate the remainder when 187 is divided by 87.
13
Calculate the remainder when 1427 is divided by 13.
10
Calculate the remainder when 182 is divided by 23.
21
Calculate the remainder when 87 is divided by 70.
17
What is the remainder when 168 is divided by 16?
8
What is the remainder when 957 is divided by 30?
27
Calculate the remainder when 148 is divided by 53.
42
Calculate the remainder when 239 is divided by 124.
115
What is the remainder when 173 is divided by 161?
12
Calculate the remainder when 658 is divided by 312.
34
Calculate the remainder when 363 is divided by 16.
11
Calculate the remainder when 116 is divided by 56.
4
What is the remainder when 4723 is divided by 43?
36
Calculate the remainder when 8021 is divided by 59.
56
What is the remainder when 213 is divided by 36?
33
Calculate the remainder when 155 is divided by 21.
8
Calculate the remainder when 289 is divided by 138.
13
What is the remainder when 4245 is divided by 11?
10
What is the remainder when 564 is divided by 81?
78
What is the remainder when 1636 is divided by 40?
36
What is the remainder when 464 is divided by 57?
8
Calculate the remainder when 15084 is divided by 19.
17
Calculate the remainder when 103 is divided by 48.
7
Calculate the remainder when 1257 is divided by 18.
15
What is the remainder when 92 is divided by 11?
4
Calculate the remainder when 102 is divided by 43.
16
What is the remainder when 23 is divided by 18?
5
Calculate the remainder when 6894 is divided by 7.
6
What is the remainder when 90 is divided by 24?
18
Calculate the remainder when 4616 is divided by 9.
8
What is the remainder when 96 is divided by 9?
6
Calculate the remainder when 1342 is divided by 56.
54
Calculate the remainder when 943 is divided by 39.
7
What is the remainder when 376 is divided by 27?
25
What is the remainder when 14 is divided by 10?
4
What is the remainder when 440 is divided by 409?
31
What is the remainder when 1460 is divided by 455?
95
Calculate the remainder when 61 is divided by 58.
3
Calculate the remainder when 1326 is divided by 3.
0
What is the remainder when 5325 is divided by 111?
108
Calculate the remainder when 1458 is divided by 397.
267
What is the remainder when 7268 is divided by 12?
8
Calculate the remainder when 1063 is divided by 216.
199
What is the remainder when 472 is divided by 18?
4
Calculate the remainder when 151 is divided by 21.
4
What is the remainder when 387 is divided by 65?
62
What is the remainder when 150 is divided by 39?
33
What is the remainder when 411 is divided by 126?
33
What is the remainder when 895 is divided by 290?
25
What is the remainder when 118 is divided by 11?
8
What is the remainder when 1088 is divided by 11?
10
What is the remainder when 806 is divided by 18?
14
Calculate the remainder when 298 is divided by 76.
70
Calculate the remainder when 33059 is divided by 29.
28
Calculate the remainder when 1454 is divided by 54.
50
Calculate the remainder when 989 is divided by 99.
98
Calculate the remainder when 182 is divided by 161.
21
Calculate the remainder when 201 is divided by 47.
13
Calculate the remainder when 574 is divided by 11.
2
What is the remainder when 300 is divided by 47?
18
What is the remainder when 64 is divided by 13?
12
Calculate the remainder when 51 is divided by 20.
11
Calculate the remainder when 3714 is divided by 6.
0
Calculate the remainder when 624 is divided by 307.
10
What is the remainder when 312 is divided by 107?
98
What is the remainder when 709 is divided by 234?
7
What is the remainder when 349 is divided by 96?
61
What is the remainder when 115 is divided by 33?
16
What is the remainder when 6523 is divided by 12?
7
What is the remainder when 347 is divided by 39?
35
Calculate the remainder when 2998 is divided by 993.
19
What is the remainder when 67725 is divided by 48?
45
What is the remainder when 4093 is divided by 105?
103
Calculate the remainder when 437 is divided by 112.
101
What is the remainder when 1157 is divided by 179?
83
What is the remainder when 177 is divided by 13?
8
Calculate the remainder when 53 is divided by 47.
6
What is the remainder when 267 is divided by 55?
47
Calculate the remainder when 690 is divided by 227.
9
Calculate the remainder when 306 is divided by 61.
1
Calculate the remainder when 579 is divided by 58.
57
Calculate the remainder when 574 is divided by 160.
94
Calculate the remainder when 600 is divided by 117.
15
Calculate the remainder when 998 is divided by 126.
116
What is the remainder when 321 is divided by 25?
21
What is the remainder when 149 is divided by 12?
5
What is the remainder when 629 is divided by 155?
9
What is the remainder when 186 is divided by 65?
56
What is the remainder when 6960 is divided by 211?
208
Calculate the remainder when 2373 is divided by 17.
10
Calculate the remainder when 3149 is divided by 126.
125
What is the remainder when 1203 is divided by 397?
12
What is the remainder when 219 is divided by 60?
39
Calculate the remainder when 82 is divided by 69.
13
Calculate the remainder when 6582 is divided by 169.
160
What is the remainder when 5666 is divided by 284?
270
Calculate the remainder when 106 is divided by 10.
6
What is the remainder when 345 is divided by 88?
81
Calculate the remainder when 1815 is divided by 301.
9
What is the remainder when 654 is divided by 47?
43
Calculate the remainder when 42 is divided by 24.
18
What is the remainder when 381 is divided by 16?
13
What is the remainder when 581 is divided by 67?
45
Calculate the remainder when 14075 is divided by 12.
11
What is the remainder when 1039 is divided by 130?
129
Calculate the remainder when 16 is divided by 12.
4
Calculate the remainder when 82 is divided by 17.
14
What is the remainder when 30 is divided by 10?
0
What is the remainder when 361 is divided by 128?
105
Calculate the remainder when 668 is divided by 10.
8
Calculate the remainder when 550 is divided by 69.
67
What is the remainder when 655 is divided by 230?
195
Calculate the remainder when 14613 is divided by 252.
249
Calculate the remainder when 11769 is divided by 256.
249
Calculate the remainder when 157 is divided by 41.
34
Calculate the remainder when 222 is divided by 55.
2
Calculate the remainder when 293 is divided by 101.
91
Calculate the remainder when 698 is divided by 25.
23
What is the remainder when 354 is divided by 37?
21
What is the remainder when 167 is divided by 69?
29
What is the remainder when 293 is divided by 95?
8
Calculate the remainder when 809 is divided by 51.
44
What is the remainder when 205 is divided by 13?
10
What is th